d 3.
1
What is the highest common divisor of 1952 and 4209?
61
Calculate the greatest common factor of 2170 and 335854.
62
Calculate the highest common factor of 5407 and 8.
1
Calculate the greatest common factor of 93210 and 15600.
390
What is the highest common factor of 17 and 10115680?
17
Calculate the greatest common divisor of 138 and 192556.
46
What is the greatest common factor of 34524 and 7812?
252
What is the highest common factor of 1824 and 3336?
24
Calculate the greatest common factor of 208004 and 1192.
596
What is the highest common divisor of 30224 and 128?
16
Calculate the greatest common factor of 5895 and 2115.
45
Calculate the highest common divisor of 79544 and 84424.
488
What is the highest common factor of 13205 and 20?
5
Calculate the highest common divisor of 44517 and 11649.
33
Calculate the highest common divisor of 86535 and 45.
45
Calculate the highest common factor of 4689355 and 759.
253
Calculate the highest common divisor of 3 and 7593.
3
What is the highest common divisor of 15792 and 96?
48
What is the highest common factor of 18786 and 12?
6
What is the highest common factor of 31164 and 9964?
212
What is the highest common factor of 166 and 56938?
166
Calculate the highest common factor of 100 and 2537100.
100
What is the greatest common divisor of 31148 and 19767?
599
Calculate the greatest common divisor of 2 and 89640.
2
Calculate the greatest common divisor of 12914 and 1826.
22
What is the greatest common factor of 585 and 1417?
13
Calculate the greatest common divisor of 398 and 655904.
398
Calculate the greatest common divisor of 4660 and 80.
20
What is the greatest common divisor of 160531 and 133?
133
Calculate the greatest common divisor of 3976 and 16576.
56
What is the greatest common factor of 591272 and 220?
44
Calculate the highest common factor of 498 and 1668.
6
Calculate the greatest common divisor of 430 and 385409.
43
What is the highest common factor of 73 and 110303?
73
Calculate the highest common divisor of 169380 and 1440.
180
What is the highest common factor of 69728 and 352?
32
Calculate the highest common divisor of 16 and 44532.
4
What is the greatest common divisor of 174 and 72442?
58
Calculate the greatest common divisor of 998 and 1920651.
499
Calculate the greatest common factor of 39 and 1309113.
39
Calculate the greatest common divisor of 77 and 65989.
77
What is the greatest common divisor of 73216 and 2236?
52
What is the greatest common factor of 1608285 and 510?
255
Calculate the highest common factor of 1134 and 2478.
42
Calculate the highest common divisor of 12425 and 14.
7
Calculate the greatest common factor of 95401 and 2.
1
Calculate the highest common factor of 253 and 132.
11
Calculate the highest common factor of 158 and 199949.
79
Calculate the greatest common factor of 1669176 and 873.
873
Calculate the highest common divisor of 9 and 949203.
9
What is the greatest common divisor of 483105 and 430?
215
Calculate the greatest common divisor of 4717960 and 4300.
860
What is the highest common divisor of 18 and 73395?
9
Calculate the highest common divisor of 3685 and 185590.
335
Calculate the greatest common factor of 5525888 and 736.
736
What is the highest common factor of 40 and 41540?
20
Calculate the greatest common divisor of 1369130 and 175.
35
What is the highest common divisor of 63 and 222327?
63
What is the highest common divisor of 280 and 2390?
10
What is the highest common factor of 42 and 900186?
42
Calculate the highest common factor of 517 and 4183.
47
What is the highest common divisor of 97152 and 7260?
132
Calculate the greatest common factor of 316 and 241819.
79
Calculate the highest common divisor of 1459808 and 84.
28
Calculate the highest common divisor of 378 and 1944.
54
What is the greatest common divisor of 137562 and 10302?
606
Calculate the highest common divisor of 4125 and 225555.
165
Calculate the highest common factor of 261 and 138069.
261
What is the highest common factor of 46080 and 180?
180
What is the highest common factor of 62124 and 3348?
372
What is the highest common factor of 19532 and 4256?
76
What is the highest common factor of 4220 and 463356?
844
Calculate the highest common divisor of 522 and 2871.
261
Calculate the highest common divisor of 270 and 40.
10
What is the greatest common divisor of 20 and 1125710?
10
Calculate the highest common divisor of 50 and 121570.
10
Calculate the greatest common factor of 10 and 1050540.
10
Calculate the greatest common divisor of 112 and 63.
7
What is the highest common divisor of 86 and 557022?
86
Calculate the greatest common divisor of 35721 and 735.
147
Calculate the highest common factor of 2100 and 32340.
420
Calculate the highest common factor of 5166 and 45510.
246
What is the greatest common divisor of 93181 and 22?
11
Calculate the highest common factor of 49 and 2954.
7
What is the greatest common divisor of 274 and 1249714?
274
Calculate the greatest common divisor of 104234 and 494.
494
Calculate the greatest common divisor of 336106 and 4238.
326
What is the greatest common factor of 5096 and 404544?
392
Calculate the greatest common divisor of 22 and 2998.
2
What is the greatest common divisor of 1159394 and 5288?
1322
Calculate the highest common divisor of 171552 and 480.
96
What is the greatest common factor of 90 and 1039455?
45
What is the greatest common factor of 356267 and 801?
89
What is the highest common divisor of 7788 and 3068?
236
What is the highest common divisor of 315 and 184905?
315
Calculate the highest common factor of 153 and 396.
9
Calculate the greatest common divisor of 1341 and 2.
1
Calculate the highest common divisor of 17136 and 11781.
1071
Calculate the highest common divisor of 102904 and 304.
152
What is the highest common divisor of 171 and 1971?
9
What is the greatest common factor of 255 and 47715?
15
What is the highest common divisor of 1 and 27225?
1
Calculate the greatest common divisor of 71 and 322979.
71
Calculate the greatest common factor of 168 and 9226.
14
Calculate the highest common divisor of 304080 and 240.
240
What is the highest common factor of 4380023 and 1591?
1591
What is the greatest common divisor of 742 and 133931?
371
What is the highest common factor of 546 and 405048?
42
Calculate the highest common divisor of 2236 and 5504.
172
What is the greatest common divisor of 120800 and 20?
20
Calculate the greatest common factor of 2643 and 849.
3
Calculate the greatest common divisor of 37510 and 1122.
22
Calculate the greatest common factor of 1368 and 117192.
456
Calculate the highest common divisor of 45227 and 140296.
923
What is the highest common divisor of 11871 and 196531?
1319
What is the highest common factor of 2 and 15838?
2
What is the greatest common divisor of 348212 and 2?
2
What is the highest common divisor of 448 and 387632?
112
Calculate the greatest common factor of 3099932 and 3102.
1034
Calculate the highest common factor of 165618 and 36.
18
What is the greatest common factor of 6400 and 21100?
100
Calculate the highest common divisor of 1630 and 590.
10
What is the highest common divisor of 726001 and 83?
83
What is the greatest common divisor of 649 and 1711?
59
Calculate the greatest common factor of 255384 and 40.
8
What is the greatest common factor of 247 and 115869?
13
What is the greatest common factor of 19251 and 54?
27
What is the highest common factor of 8 and 464696?
8
What is the highest common factor of 737912 and 56?
56
Calculate the greatest common divisor of 14 and 551873.
7
Calculate the greatest common divisor of 17840 and 140.
20
What is the highest common factor of 1351 and 204966?
193
What is the greatest common factor of 12990 and 2720?
10
Calculate the greatest common divisor of 810 and 2123550.
270
Calculate the greatest common factor of 1257796 and 4505.
901
What is the highest common divisor of 1588617 and 3548?
887
Calculate the highest common factor of 3266 and 11218.
142
Calculate the highest common factor of 153 and 22559.
17
Calculate the greatest common factor of 510 and 4930.
170
What is the highest common divisor of 270 and 44874?
54
What is the greatest common factor of 225954 and 54?
18
What is the highest common factor of 18905 an